{"id":69,"date":"2019-05-02T15:22:56","date_gmt":"2019-05-02T15:22:56","guid":{"rendered":"http:\/\/brandschutzservice-schmaus.de\/?page_id=69"},"modified":"2020-02-03T11:07:37","modified_gmt":"2020-02-03T11:07:37","slug":"ueber-uns","status":"publish","type":"page","link":"https:\/\/brandschutzservice-schmaus.de\/?page_id=69","title":{"rendered":"\u00dcber uns"},"content":{"rendered":"\n<div class=\"wp-block-image\"><figure class=\"alignright is-resized\"><img loading=\"lazy\" decoding=\"async\" src=\"http:\/\/brandschutzservice-schmaus.de\/wp-content\/uploads\/2019\/06\/Symbol-Info.png\" alt=\"\" class=\"wp-image-132\" width=\"177\" height=\"177\" srcset=\"https:\/\/brandschutzservice-schmaus.de\/wp-content\/uploads\/2019\/06\/Symbol-Info.png 354w, https:\/\/brandschutzservice-schmaus.de\/wp-content\/uploads\/2019\/06\/Symbol-Info-150x150.png 150w, https:\/\/brandschutzservice-schmaus.de\/wp-content\/uploads\/2019\/06\/Symbol-Info-300x300.png 300w\" sizes=\"(max-width: 177px) 100vw, 177px\" \/><\/figure><\/div>\n\n\n\n<p>1984 wurde die Firma Feuerschutz Schmaus e. K. als Nebenerwerbst\u00e4tigkeit von Hermann Schmaus gegr\u00fcndet. Alles begann mit der Wartung von Feuerl\u00f6schern in der heimischen Garage. 1986 k\u00fcndigte er dann sein Arbeitsverh\u00e4ltnis und wagte den Schritt in die Selbstst\u00e4ndigkeit. Seit 2004 befindet sich der Firmensitz in der Hauptstra\u00dfe 4 in Gundremmingen.<\/p>\n\n\n\n<p>Seit 2018 ist auch sein Sohn Patrick mit im Unternehmen t\u00e4tig. Als weiterer Entwicklungsschritt wurde 2019 aus der Feuerschutz Schmaus e. K. die Brandschutzservice Schmaus GmbH. Im Jahr 2019 haben wir unser 35-j\u00e4hriges Firmenjubil\u00e4um feiern d\u00fcrfen.<\/p>\n\n\n\n<p>Machen Sie sich auf den folgenden Seiten einen \u00dcberblick \u00fcber unsere Leistungen. Gerne beraten wir Sie auch pers\u00f6nlich per Telefon oder Email rund um das Thema Brandschutz.&nbsp; <\/p>\n","protected":false},"excerpt":{"rendered":"<p>1984 wurde die Firma Feuerschutz Schmaus e. K. als Nebenerwerbst\u00e4tigkeit von Hermann Schmaus gegr\u00fcndet. Alles begann mit der Wartung von Feuerl\u00f6schern in der heimischen Garage. 1986 k\u00fcndigte er dann sein Arbeitsverh\u00e4ltnis und wagte den Schritt in die Selbstst\u00e4ndigkeit. Seit 2004 befindet sich der Firmensitz in der Hauptstra\u00dfe 4 in Gundremmingen. Seit 2018 ist auch sein &#8230; <a title=\"\u00dcber uns\" class=\"read-more\" href=\"https:\/\/brandschutzservice-schmaus.de\/?page_id=69\" aria-label=\"Mehr Informationen \u00fcber \u00dcber uns\">Weiterlesen<\/a><\/p>\n","protected":false},"author":1,"featured_media":0,"parent":0,"menu_order":0,"comment_status":"closed","ping_status":"closed","template":"","meta":{"footnotes":""},"_links":{"self":[{"href":"https:\/\/brandschutzservice-schmaus.de\/index.php?rest_route=\/wp\/v2\/pages\/69"}],"collection":[{"href":"https:\/\/brandschutzservice-schmaus.de\/index.php?rest_route=\/wp\/v2\/pages"}],"about":[{"href":"https:\/\/brandschutzservice-schmaus.de\/index.php?rest_route=\/wp\/v2\/types\/page"}],"author":[{"embeddable":true,"href":"https:\/\/brandschutzservice-schmaus.de\/index.php?rest_route=\/wp\/v2\/users\/1"}],"replies":[{"embeddable":true,"href":"https:\/\/brandschutzservice-schmaus.de\/index.php?rest_route=%2Fwp%2Fv2%2Fcomments&post=69"}],"version-history":[{"count":8,"href":"https:\/\/brandschutzservice-schmaus.de\/index.php?rest_route=\/wp\/v2\/pages\/69\/revisions"}],"predecessor-version":[{"id":235,"href":"https:\/\/brandschutzservice-schmaus.de\/index.php?rest_route=\/wp\/v2\/pages\/69\/revisions\/235"}],"wp:attachment":[{"href":"https:\/\/brandschutzservice-schmaus.de\/index.php?rest_route=%2Fwp%2Fv2%2Fmedia&parent=69"}],"curies":[{"name":"wp","href":"https:\/\/api.w.org\/{rel}","templated":true}]}}